, 0 = -k - 0*x - x + 2. Let d be -33*(k + -3)*-1. Calculate the greatest common factor of 3 and d.
3
Suppose 5*k + 0*k = 495. Let h be (-13 - -58)/9 + 8/2. What is the greatest common factor of k and h?
9
Let y be (0 + (-5)/(-10))*(-12)/(-2). Let r be 3/(-1*(0 - 1)). What is the greatest common divisor of r and y?
3
Let x be (3/2 - -1)*108. Let a = 75 + -28. Let s = a + -17. Calculate the greatest common factor of s and x.
30
Let f be (-1012)/(-20) + -3 + (-14)/(-35). Calculate the highest common factor of 9 and f.
3
Suppose 2*t - 6 = 3*t - c, 0 = -2*c + 10. Let u be 1*(34 + (2 - t)). Calculate the greatest common factor of u and 333.
37
Suppose -4*t = -3*i + 3301, 5 = -t + 1. What is the highest common divisor of 15 and i?
15
Let g = -269 + 306. Calculate the highest common divisor of g and 592.
37
Let w(y) be the second derivative of y**4/12 + 7*y**3/3 - 11*y**2/2 + 2*y. Let j be w(-15). Let h = 4 + j. Calculate the greatest common factor of 40 and h.
8
Suppose 3*z + 2*q = 142, -3*q - 113 = -2*z - 8*q. Calculate the highest common factor of 704 and z.
44
Let o be 356/(-12) + 2/(-6). Let b = 49 + o. Suppose 49*r - 14137 = -3896. Calculate the greatest common divisor of r and b.
19
Let l = -183 + 381. Suppose 18 = m - l. Let x = 43 + -16. Calculate the greatest common divisor of m and x.
27
Let a = 232 + 52. What is the highest common factor of 71 and a?
71
Let t be 4*(-242)/(-8)*1. Let s = 15 + 2. Let n = 28 - s. What is the highest common divisor of n and t?
11
Let g = -60 - -118. Let m be g*(3 + (-15)/10). What is the greatest common divisor of 58 and m?
29
Suppose -12*a = -27*a + 240. What is the greatest common factor of a and 40?
8
Let i(d) = -d**2 - 9*d - 7. Let v be i(-6). Suppose -14*t + 1170 = -524. Calculate the highest common factor of v and t.
11
Suppose i - 5*i + 2*z + 2644 = 0, 3*z = -5*i + 3294. What is the greatest common divisor of 60 and i?
60
Suppose 4*j + 3 + 13 = 0. Let i(q) = 4*q - 4. Let u(t) = 12*t - 12. Let h(g) = 8*i(g) - 3*u(g). Let x be h(j). What is the greatest common factor of 30 and x?
10
Let z(g) = -9*g**2 + 3*g + 2. Suppose 16 = 4*x - 3*f + 8*f, -f = -x - 5. Let y be z(x). Let u = y + 34. What is the highest common divisor of 3 and u?
3
Suppose 0 = -4*f - 3*y + 513, -9*f = -13*f + 4*y + 548. Suppose -t = -3*d - 5 - 19, 0 = -2*t + 4*d + 54. Calculate the highest common factor of f and t.
33
Suppose 0 = -4*z + 4*x - 44, -z + 13 = z + 5*x. Let k(p) = -p**2 - 4*p + 16. Let c be k(z). What is the highest common divisor of c and 2?
2
Suppose -124 = 12*w - 664. Calculate the greatest common factor of w and 6.
3
Let h be (-4)/7 - (-10 - 20/35). What is the greatest common factor of 85 and h?
5
Let c(a) = -a**2 + 5*a - 3. Let t be c(4). Let o be (-7)/(-6) + 0 + (-2)/12. Let n be o - 3/4 - 14/(-8). Calculate the highest common factor of n and t.
1
Suppose -5*x + 5*m + 18 = -6*x, -2*m = 4*x - 18. Calculate the highest common factor of x and 2.
1
Let k(y) = 4*y + 5. Let l(n) = n - 1. Let z(g) = k(g) + 2*l(g). Let h be z(-2). Let c = h - -33. Calculate the greatest common divisor of c and 6.
6
Let i = -18 - -24. Suppose i*w - 25 = w. Let f = 107 - 52. Calculate the highest common divisor of f and w.
5
Let i = -69 + 49. Let t be 3/5 - (5208/i)/6. What is the highest common divisor of 33 and t?
11
Let f(w) = -w**3 + 6*w**2 + 11*w + 15. Let x be f(6). What is the highest common divisor of 180 and x?
9
Suppose -5 = g + 4*n - 19, -4*g + 3*n = -18. What is the greatest common factor of 6 and g?
6
Suppose 6*f - 3*b = 3*f + 84, f - 2*b = 30. Suppose w + w + 3*x = 20, -f = -4*w + x. What is the highest common factor of w and 7?
7
Let d(p) be the second derivative of p**3/6 + 15*p**2/2 + p. Let u be d(-9). Suppose 0*q + y + u = 2*q, 0 = -5*y. What is the highest common factor of 2 and q?
1
Let z(g) = -g**2 + g**2 + 3*g**2. Let r be z(1). Let c(a) = 97*a - 470. Let v be c(5). What is the greatest common factor of v and r?
3
Suppose 5*n + 20 = 0, -2*c + 5*n + 82 + 138 = 0. Suppose -2*f - 15*d + 62 = -12*d, -4*f - 3*d + 112 = 0. What is the highest common factor of c and f?
25
Let s(f) = -f**2 - 11*f + 8. Let t be s(-12). Let h = 4 + t. Suppose h*d - d + 16 = 0. Calculate the greatest common factor of 48 and d.
16
Suppose -2*z + 128 - 138 = -2*b, -5 = 2*b - 5*z. Let p(a) = a**2 + a + 2. Let m be p(0). Calculate the greatest common divisor of b and m.
2
Suppose 0 = 3*a - 30 + 27. Let z be (-212)/(-8) + -2*a/(-4). What is the highest common factor of 18 and z?
9
Let h(c) = 8*c**2 - 45*c + 6. Let n be h(6). Calculate the highest common factor of n and 4152.
24
Let u = 212 + -58. Calculate the greatest common factor of 22 and u.
22
Let d = 2008 - 495. What is the greatest common factor of d and 17?
17
Let s be 1*-20*(-21)/14. Suppose -4*n - 2*y + 1084 = 0, -5*n + 164 = -2*y - 1182. What is the highest common factor of s and n?
30
Suppose -2*r + 180 = -r. Suppose -5*g = 5*s - 80, g + s = -3*s + 4. Calculate the greatest common divisor of g and r.
20
Let g(m) = 10*m**2 - m + 1. Let o be g(1). Let f = 413 - 393. Calculate the greatest common factor of f and o.
10
Let r = 4 + 17. Suppose 5*b + 2 = 3*d + 18, -r = -3*b - 2*d. Suppose 2*s - b - 51 = 0. Calculate the highest common factor of 4 and s.
4
Let a = 128 - 124. Suppose -b = -a*r + 2*b + 246, 0 = 5*r - 4*b - 308. What is the greatest common divisor of r and 36?
12
Let s(z) = -2*z**2 + 2*z + 4. Let o be s(4). Let q(i) = -3*i + 28. Let h be q(o). Calculate the greatest common factor of h and 22.
22
Suppose 11 = -2*a + 17. Let i(k) = -3 + 3*k**3 + 12 - 4*k**a + 8*k**2 - 4*k. Let z be i(7). What is the greatest common divisor of z and 45?
15
Let j be (-2 - -4 - -9)*1. Suppose q - 13 = -6. Let c = q + 15. Calculate the greatest common factor of j and c.
11
Let t = -379 + 461. Calculate the highest common divisor of t and 205.
41
Let h = 266 - 256. What is the highest common divisor of h and 810?
10
Let d(i) = -i**3 + 14*i**2 + 24*i + 19. Let g be d(12). Calculate the greatest common divisor of 35 and g.
35
Let d(h) = -8*h + 11 + h**2 - 9*h + 6*h. Let x be d(10). Calculate the highest common divisor of x and 4.
1
Suppose -3*n = -215 - 19. Calculate the highest common divisor of 182 and n.
26
Let p(a) = -2*a**2 + a + 24. Let j(z) = z**2. Let c(k) = 3*j(k) + p(k). Let t be c(8). Calculate the highest common divisor of 12 and t.
12
Let o = 11 - 11. Suppose p + o*p - 4 = 0, -2*g = -5*p + 12. Suppose 0*v + 5*v - 35 = -k, 9 = g*v - 3*k. What is the greatest common factor of 48 and v?
6
Let n(g) = 16*g**2 - g. Let f = -64 + 62. Let s be n(f). Calculate the highest common divisor of 44 and s.
22
Let i(f) = f**2 + 5*f - 24. Let n be i(7). Calculate the greatest common factor of 150 and n.
30
Suppose 18*w - 16*w - 90 = 2*h, 0 = h - 3. Calculate the greatest common factor of 256 and w.
16
Suppose 5*v - 4*n = n + 85, -v - 3*n = 3. Let f(z) = -13*z - 55. Let b be f(-7). What is the highest common divisor of b and v?
12
Suppose -4*y = -6*y. Suppose -1139 = -5*h - 3*o, h - 3*o = -2*o + 223. Suppose 5*k - 229 - h = y. What is the highest common divisor of k and 13?
13
Let f = -461 + 536. Calculate the greatest common divisor of 120 and f.
15
Suppose d = 4*d - 39. Suppose 621 = 3*m + 3*o, -o - 2*o = -3*m + 615. Let x = 349 - m. What is the highest common factor of d and x?
13
Let r be (16/(-7))/((-75)/2100). What is the highest common factor of r and 736?
32
Let z = -5 - -2. Let a = z - -17. Let b = -1 + a. Calculate the greatest common factor of 91 and b.
13
Let y = -273 - -288. Calculate the greatest common divisor of 390 and y.
15
Let v = 73 - 52. Let h(q) = 2*q**3 - 8*q**2 + 3*q - 5. Let m be h(4). Calculate the highest common divisor of v and m.
7
Let q(c) = c**2 + 5*c + 2. Let k be q(-6). Let t = -259 - -267. What is the highest common divisor of k and t?
8
Let d(t) = -t**3 - 2*t**2 + 30*t + 17. Let o be d(-7). What is the highest common factor of o and 468?
52
Suppose -f + 89 = -3*o, -f - 3*f - 4*o = -308. What is the greatest common divisor of f and 48?
16
Suppose 0 = 2*t + 3*s - 598, 2*t + 2*s + 268 = 866. Calculate the greatest common factor of t and 23.
23
Let v(q) = 2*q + 19. Let j be v(-13). Let o = j + 61. Suppose -3*k + 81 = -o. Calculate the highest common factor of 9 and k.
9
Suppose 2*v 